{"id":4,"date":"2016-06-10T11:12:42","date_gmt":"2016-06-10T09:12:42","guid":{"rendered":"https:\/\/www.psychowellness.at\/oneup?page_id=4"},"modified":"2025-06-18T22:16:49","modified_gmt":"2025-06-18T20:16:49","slug":"kontakt","status":"publish","type":"page","link":"https:\/\/www.psychowellness.at\/oneup\/kontakt\/","title":{"rendered":"Kontakt"},"content":{"rendered":"[vc_row full_width=&#8220;stretch_row&#8220;][vc_column][vc_single_image image=&#8220;3453&#8243; img_size=&#8220;full&#8220; alignment=&#8220;center&#8220;][\/vc_column][\/vc_row][vc_row css=&#8220;.vc_custom_1467041528250{border-top-width: 0px !important;border-right-width: 0px !important;border-bottom-width: 0px !important;border-left-width: 0px !important;padding-top: 0px !important;padding-right: 0px !important;padding-bottom: 0px !important;padding-left: 0px !important;border-left-style: solid !important;border-right-style: solid !important;border-top-style: solid !important;border-bottom-style: solid !important;border-radius: 2px !important;}&#8220;][vc_column width=&#8220;1\/4&#8243;][vc_single_image image=&#8220;3444&#8243; img_size=&#8220;full&#8220; onclick=&#8220;img_link_large&#8220;][\/vc_column][vc_column width=&#8220;1\/4&#8243;][vc_column_text]\n<p style=\"text-align: justify;\"><strong>Wie l\u00e4uft die systemische Therapie in meiner Praxis ab ?<\/strong><\/p>\n<p style=\"text-align: justify;\"><span style=\"color: #000000;\">Das erste Kennenlernen erfolgt in einem kostenfreien Erstgespr\u00e4ch von der Dauer von ca. 50 Minuten.<\/span><\/p>\n<p style=\"text-align: justify;\"><span style=\"color: #000000;\">Im Erstgespr\u00e4ch geht es darum, Ihre Problematik zu benennen und Ihre Vorstellungen und Ziele f\u00fcr die Therapie zu besprechen. Zus\u00e4tzlich werden die Rahmenbedingungen wie die Sitzungsfrequenz, die Kosten usw. gekl\u00e4rt.<\/span><\/p>\n[\/vc_column_text][\/vc_column][vc_column width=&#8220;1\/6&#8243;][vc_column_text el_class=&#8220;my_desk&#8220;]<div class=\"su-spacer\" style=\"height:100px\"><\/div>[\/vc_column_text][vc_single_image image=&#8220;3446&#8243; img_size=&#8220;large&#8220; el_class=&#8220;my_desk&#8220;][\/vc_column][vc_column width=&#8220;2\/6&#8243;][vc_column_text]<div class=\"su-heading su-heading-style-default su-heading-align-center\" id=\"\" style=\"font-size:13px;margin-bottom:20px\"><div class=\"su-heading-inner\">\n<h3>FAQ<\/h3>\n<\/div><\/div>\n[\/vc_column_text][vc_toggle title=&#8220;Krankenkasse&#8220; el_id=&#8220;1465250996434-5c8cc20d-a28d&#8220;]\n<div id=\"txthd\"><strong>gilt f\u00fcr WGKK, N\u00f6GK, BVA, SVA, KFA:<\/strong>,<\/div>\n<p>Das Vorliegen einer psychischen St\u00f6rung, die als Krankheit im sozialversicherungsrechtlichen Sinn anzusehen ist. (Keine Kosten werden z.B. bei blo\u00dfer Beratung in Schul-, Familien- und Berufsproblemen \u00fcbernommen.)[\/vc_toggle][vc_toggle title=&#8220;Kostenzuschuss&#8220; el_id=&#8220;1465251059586-46e1958a-48ae&#8220;]Beim entsprechenden Sozialversicherungstr\u00e4ger muss ein Antrag auf Kostenzuschuss gestellt werden.<\/p>\n<p><strong>ACHTUNG: es ist nicht m\u00f6glich, zugleich eine Therapie auf Rechnung der Kasse zu machen und Kostenzuschuss zu erhalten.<\/strong><\/p>\n[\/vc_toggle][vc_toggle title=&#8220;Private Krankenversicherung&#8220; el_id=&#8220;1465251113168-80195931-6968&#8243;]\n<div id=\"txthd\"><strong>Private Krankenversicherung:<\/strong><\/div>\n<p>Einige Versicherungsanstalten \u00fcbernehmen im Rahmen der Privatversicherung die Kosten f\u00fcr Psychotherapie bzw. \u00fcbernehmen den Rest der Kosten nach Inanspruchnahme des Kostenzuschusses f\u00fcr die Pflichtversicherungen.[\/vc_toggle][\/vc_column][\/vc_row][vc_row full_width=&#8220;stretch_row&#8220; css=&#8220;.vc_custom_1465244526457{border-radius: 3px !important;}&#8220;][vc_column width=&#8220;1\/2&#8243;][vc_column_text]<div class=\"su-heading su-heading-style-default su-heading-align-center\" id=\"\" style=\"font-size:13px;margin-bottom:20px\"><div class=\"su-heading-inner\">\n<h3>Mein beruflicher Werdegang<\/h3>\n<\/div><\/div>\n<div class=\"su-note\"  style=\"border-color:#e5e5e5;border-radius:5px;-moz-border-radius:5px;-webkit-border-radius:5px;\"><div class=\"su-note-inner su-u-clearfix su-u-trim\" style=\"background-color:#ffffff;border-color:#ffffff;color:#333333;border-radius:5px;-moz-border-radius:5px;-webkit-border-radius:5px;\">Jg. 1965, seit 17. M\u00e4rz 2004 gem\u00e4\u00df \u00a717 Abs.5 des Psychotherapiegesetzes als Psychotherapeutin eingetragen.<\/div><\/div>\n<h3><span style=\"color: #000000;\">Berufliche Stationen<\/span><\/h3>\n<div class=\"su-note\"  style=\"border-color:#e5e5e5;border-radius:3px;-moz-border-radius:3px;-webkit-border-radius:3px;\"><div class=\"su-note-inner su-u-clearfix su-u-trim\" style=\"background-color:#ffffff;border-color:#ffffff;color:#333333;border-radius:3px;-moz-border-radius:3px;-webkit-border-radius:3px;\">\n<p><strong>Psychotherapeutische T\u00e4tigkeit in freier Praxis, Wien und Nieder\u00f6sterreich<\/strong><\/p>\n<ul>\n<li>Einzel-, Familien- und Gruppentherapie Supervision, Pers\u00f6nlichkeitstraining und Coaching<\/li>\n<li><span style=\"line-height: 1.5;\">Systemische Strukturaufstellungen Einzel- und Gruppenselbsterfahrung<\/span><\/li>\n<\/ul>\n<p><strong><span style=\"line-height: 1.5;\">Sigmund-Freud-Universit\u00e4t, Wien<\/span><\/strong><\/p>\n<ul>\n<li><span style=\"line-height: 1.5;\">Psychotherapeutin an der Kinder- und Jugendambulanz<\/span><\/li>\n<\/ul>\n<p><strong><span style=\"line-height: 1.5;\">Verein \u201eDie M\u00f6we\u201c, Wien<\/span><\/strong><\/p>\n<ul>\n<li><span style=\"line-height: 1.5;\">Erstkontakt, Beratung von sexuell missbrauchten Kindern und Jugendlichen<\/span><\/li>\n<\/ul>\n<\/div><\/div>\n<h3><span style=\"color: #000000;\">Weitere berufliche T\u00e4tigkeiten:<\/span><\/h3>\n<div class=\"su-note\"  style=\"border-color:#e5e5e5;border-radius:3px;-moz-border-radius:3px;-webkit-border-radius:3px;\"><div class=\"su-note-inner su-u-clearfix su-u-trim\" style=\"background-color:#ffffff;border-color:#ffffff;color:#333333;border-radius:3px;-moz-border-radius:3px;-webkit-border-radius:3px;\">\n<ul>\n<li><span style=\"color: #000000;\">Mental Health Professional Stiftung Mayday, Frankfurt\/Main und Mayday Austria<\/span><\/li>\n<li><span style=\"color: #000000;\">Coaching und Krisenintervention f\u00fcr Luftfahrtpersonal<\/span><\/li>\n<li><span style=\"color: #000000;\">Erwachsenenbildung und Kommunikationstraining<\/span><\/li>\n<li><span style=\"color: #000000;\">Familienberatung<\/div><\/div><\/span><\/li>\n<\/ul>\n[\/vc_column_text][\/vc_column][vc_column width=&#8220;1\/2&#8243;][vc_column_text]<div class=\"su-heading su-heading-style-default su-heading-align-center\" id=\"\" style=\"font-size:13px;margin-bottom:20px\"><div class=\"su-heading-inner\">\n<h3>Informationen zum Ausdrucken<\/h3>\n<\/div><\/div>\n<div class=\"su-document su-u-responsive-media-yes\"><iframe loading=\"lazy\" src=\"\/\/docs.google.com\/viewer?embedded=true&url=https:\/\/www.psychowellness.at\/oneup\/wp-content\/uploads\/2016\/06\/psychowellness_1.pdf\" width=\"600\" height=\"400\" class=\"su-document\" title=\"\"><\/iframe><\/div>\n<div class=\"su-document su-u-responsive-media-yes\"><iframe loading=\"lazy\" src=\"\/\/docs.google.com\/viewer?embedded=true&url=https:\/\/www.psychowellness.at\/oneup\/wp-content\/uploads\/2016\/06\/psychowellness_2.pdf\" width=\"600\" height=\"400\" class=\"su-document\" title=\"\"><\/iframe><\/div>[\/vc_column_text][\/vc_column][\/vc_row][vc_row full_width=&#8220;stretch_row_content&#8220;][vc_column][vc_column_text]<img loading=\"lazy\" decoding=\"async\" class=\"aligncenter size-full wp-image-2950\" src=\"https:\/\/www.psychowellness.at\/oneup\/wp-content\/uploads\/2016\/06\/bottom-border.png\" alt=\"bottom-border\" width=\"1920\" height=\"150\" srcset=\"https:\/\/www.psychowellness.at\/oneup\/wp-content\/uploads\/2016\/06\/bottom-border.png 1920w, https:\/\/www.psychowellness.at\/oneup\/wp-content\/uploads\/2016\/06\/bottom-border-300x23.png 300w, https:\/\/www.psychowellness.at\/oneup\/wp-content\/uploads\/2016\/06\/bottom-border-768x60.png 768w, https:\/\/www.psychowellness.at\/oneup\/wp-content\/uploads\/2016\/06\/bottom-border-1024x80.png 1024w, https:\/\/www.psychowellness.at\/oneup\/wp-content\/uploads\/2016\/06\/bottom-border-260x20.png 260w\" sizes=\"auto, (max-width: 1920px) 100vw, 1920px\" \/>[\/vc_column_text][\/vc_column][\/vc_row][vc_row][vc_column width=&#8220;1\/3&#8243;][vc_single_image image=&#8220;3400&#8243; img_size=&#8220;full&#8220;][\/vc_column][vc_column width=&#8220;1\/3&#8243;][vc_message message_box_color=&#8220;white&#8220; icon_fontawesome=&#8220;&#8220;]Bitte verwenden Sie das Kontaktformular oder schreiben Sie \u00a0ein Mail um mir Ihre Daten und Ihre W\u00fcnsche zu \u00fcbermitteln.<div class=\"su-spacer\" style=\"height:10px\"><\/div><a href=\"https:\/\/www.psychowellness.at\/oneup\/kontaktform\" class=\"su-button su-button-style-3d\" style=\"color:#000000;background-color:#ced5dc;border-color:#a5abb0;border-radius:5px\" target=\"_self\"><span style=\"color:#000000;padding:6px 16px;font-size:13px;line-height:20px;border-color:#dde2e7;border-radius:5px;text-shadow:none\"><i class=\"sui sui-pencil-square-o\" style=\"font-size:13px;color:#FFFFFF\"><\/i> Kontaktformular<small style=\"padding-bottom:6px;color:#000000\">online<\/small><\/span><\/a>\n<p><a href=\"mailto:angelika.ivinger@psychowellness.at?Subject=&quot;Psychowellness Kontakt&quot;\" target=\"_blank\" rel=\"noopener\">Mail an Angelika Ivinger<\/a>[\/vc_message][\/vc_column][vc_column width=&#8220;1\/3&#8243;][vc_message message_box_color=&#8220;white&#8220; icon_fontawesome=&#8220;fa fa-phone&#8220;]\n<p style=\"text-align: justify;\">Wenn Sie mich telefonisch kontaktieren m\u00f6chten, bitte ich Sie um Verst\u00e4ndnis,\u00a0dass Sie m\u00f6glicherweise nur die Sprachbox erreichen, da ich gerade eine Therapiestunde habe. In diesem Fall hinterlassen Sie mir bitte eine Nachricht oder SMS &#8211; ich rufe Sie sobald als m\u00f6glich zur\u00fcck.<\/p>\n<p style=\"text-align: center;\"><strong>Sie erreichen mich werktags am Vormittag unter <\/strong><\/p>\n<h4 style=\"text-align: center;\"><strong>0664 4334159<\/strong><\/h4>\n[\/vc_message][\/vc_column][\/vc_row][vc_row css=&#8220;.vc_custom_1467451100964{border-top-width: 0px !important;border-right-width: 0px !important;border-bottom-width: 0px !important;border-left-width: 0px !important;padding-top: 5px !important;padding-right: 5px !important;padding-bottom: 0px !important;padding-left: 5px !important;border-left-style: solid !important;border-right-style: solid !important;border-top-style: solid !important;border-bottom-style: solid !important;border-radius: 2px !important;}&#8220;][vc_column width=&#8220;1\/4&#8243;][vc_column_text css=&#8220;.vc_custom_1528535135140{border-top-width: 1px !important;border-right-width: 1px !important;border-bottom-width: 1px !important;border-left-width: 1px !important;padding-top: 10px !important;padding-right: 5px !important;padding-bottom: 5px !important;padding-left: 5px !important;border-left-color: rgba(0,0,0,0.5) !important;border-left-style: solid !important;border-right-color: rgba(0,0,0,0.5) !important;border-right-style: solid !important;border-top-color: rgba(0,0,0,0.5) !important;border-top-style: solid !important;border-bottom-color: rgba(0,0,0,0.5) !important;border-bottom-style: solid !important;border-radius: 2px !important;}&#8220;]<div class=\"su-spacer\" style=\"height:10px\"><\/div>\n<p style=\"text-align: center;\"><strong>Praxis\u00a0Orth \/ Donau<\/strong><\/p>\n<div class=\"su-divider su-divider-style-double\" style=\"margin:15px 0;border-width:3px;border-color:#999999\"><\/div>\n<p style=\"text-align: center;\"><span style=\"color: #000000;\">Am Markt 26<\/span><br \/>\n<span style=\"color: #000000;\">2304 Orth an der Donau<\/span><\/p>\n[\/vc_column_text][\/vc_column][vc_column width=&#8220;1\/4&#8243;][vc_column_text css=&#8220;.vc_custom_1750277801657{border-top-width: 1px !important;border-right-width: 1px !important;border-bottom-width: 1px !important;border-left-width: 1px !important;padding-top: 10px !important;padding-right: 5px !important;padding-bottom: 5px !important;padding-left: 5px !important;border-left-color: rgba(0,0,0,0.5) !important;border-left-style: solid !important;border-right-color: rgba(0,0,0,0.5) !important;border-right-style: solid !important;border-top-color: rgba(0,0,0,0.5) !important;border-top-style: solid !important;border-bottom-color: rgba(0,0,0,0.5) !important;border-bottom-style: solid !important;border-radius: 2px !important;}&#8220;]<div class=\"su-button-center\"><a href=\"https:\/\/www.psychowellness.at\/oneup\/impressum\" class=\"su-button su-button-style-3d\" style=\"color:#000000;background-color:#ced5dc;border-color:#a5abb0;border-radius:5px\" target=\"_top\"><span style=\"color:#000000;padding:6px 16px;font-size:13px;line-height:20px;border-color:#dde2e7;border-radius:5px;text-shadow:none\"><i class=\"sui sui-info\" style=\"font-size:13px;color:#FFFFFF\"><\/i> Impressum<\/span><\/a><\/div><div class=\"su-spacer\" style=\"height:10px\"><\/div>\n<p style=\"text-align: center;\"><strong>Impressum<\/strong><\/p>\n<div class=\"su-divider su-divider-style-double\" style=\"margin:15px 0;border-width:3px;border-color:#999999\"><\/div>\n<p style=\"text-align: center;\"><span style=\"color: #000000;\">Impressum und Datenschutz.\u00a0<\/span><\/p>\n[\/vc_column_text][\/vc_column][vc_column width=&#8220;1\/4&#8243;][vc_column_text css=&#8220;.vc_custom_1556020081227{border-top-width: 1px !important;border-right-width: 1px !important;border-bottom-width: 1px !important;border-left-width: 1px !important;padding-top: 10px !important;padding-right: 5px !important;padding-bottom: 5px !important;padding-left: 5px !important;border-left-color: rgba(0,0,0,0.5) !important;border-left-style: solid !important;border-right-color: rgba(0,0,0,0.5) !important;border-right-style: solid !important;border-top-color: rgba(0,0,0,0.5) !important;border-top-style: solid !important;border-bottom-color: rgba(0,0,0,0.5) !important;border-bottom-style: solid !important;border-radius: 2px !important;}&#8220;]\n<div class=\"su-button-center\"><a href=\"https:\/\/www.facebook.com\/psychowellness\" class=\"su-button su-button-style-3d\" style=\"color:#000000;background-color:#ced5dc;border-color:#a5abb0;border-radius:5px\" target=\"_self\"><span style=\"color:#000000;padding:6px 16px;font-size:13px;line-height:20px;border-color:#dde2e7;border-radius:5px;text-shadow:none\"><i class=\"sui sui-facebook-f\" style=\"font-size:13px;color:#FFFFFF\"><\/i> Facebook<\/span><\/a><\/div>\n<div class=\"su-spacer\" style=\"height:30px\"><\/div> <img loading=\"lazy\" decoding=\"async\" class=\"aligncenter size-full wp-image-3463\" src=\"https:\/\/www.psychowellness.at\/oneup\/wp-content\/uploads\/2016\/06\/facebooklogo_small.png\" alt=\"facebooklogo_small\" width=\"202\" height=\"202\" srcset=\"https:\/\/www.psychowellness.at\/oneup\/wp-content\/uploads\/2016\/06\/facebooklogo_small.png 202w, https:\/\/www.psychowellness.at\/oneup\/wp-content\/uploads\/2016\/06\/facebooklogo_small-200x200.png 200w\" sizes=\"auto, (max-width: 202px) 100vw, 202px\" \/><\/p>\n[\/vc_column_text][\/vc_column][\/vc_row][vc_row][vc_column][vc_single_image image=&#8220;3396&#8243; img_size=&#8220;full&#8220;][\/vc_column][\/vc_row]\n","protected":false},"excerpt":{"rendered":"<p>[vc_row full_width=&#8220;stretch_row&#8220;][vc_column][vc_single_image image=&#8220;3453&#8243; img_size=&#8220;full&#8220; alignment=&#8220;center&#8220;][\/vc_column][\/vc_row][vc_row css=&#8220;.vc_custom_1467041528250{border-top-width: 0px !important;border-right-width: 0px !important;border-bottom-width: 0px !important;border-left-width: 0px !important;padding-top: 0px !important;padding-right: 0px !important;padding-bottom: 0px !important;padding-left: 0px !important;border-left-style: solid !important;border-right-style: solid !important;border-top-style: solid !important;border-bottom-style: solid !important;border-radius: 2px !important;}&#8220;][vc_column width=&#8220;1\/4&#8243;][vc_single_image image=&#8220;3444&#8243; img_size=&#8220;full&#8220; onclick=&#8220;img_link_large&#8220;][\/vc_column][vc_column width=&#8220;1\/4&#8243;][vc_column_text] Wie l\u00e4uft die systemische Therapie in meiner Praxis ab ? Das erste Kennenlernen erfolgt in einem kostenfreien Erstgespr\u00e4ch<\/p>\n","protected":false},"author":2,"featured_media":0,"parent":0,"menu_order":0,"comment_status":"closed","ping_status":"closed","template":"","meta":{"footnotes":""},"class_list":["post-4","page","type-page","status-publish","hentry"],"_links":{"self":[{"href":"https:\/\/www.psychowellness.at\/oneup\/wp-json\/wp\/v2\/pages\/4","targetHints":{"allow":["GET"]}}],"collection":[{"href":"https:\/\/www.psychowellness.at\/oneup\/wp-json\/wp\/v2\/pages"}],"about":[{"href":"https:\/\/www.psychowellness.at\/oneup\/wp-json\/wp\/v2\/types\/page"}],"author":[{"embeddable":true,"href":"https:\/\/www.psychowellness.at\/oneup\/wp-json\/wp\/v2\/users\/2"}],"replies":[{"embeddable":true,"href":"https:\/\/www.psychowellness.at\/oneup\/wp-json\/wp\/v2\/comments?post=4"}],"version-history":[{"count":160,"href":"https:\/\/www.psychowellness.at\/oneup\/wp-json\/wp\/v2\/pages\/4\/revisions"}],"predecessor-version":[{"id":4028,"href":"https:\/\/www.psychowellness.at\/oneup\/wp-json\/wp\/v2\/pages\/4\/revisions\/4028"}],"wp:attachment":[{"href":"https:\/\/www.psychowellness.at\/oneup\/wp-json\/wp\/v2\/media?parent=4"}],"curies":[{"name":"wp","href":"https:\/\/api.w.org\/{rel}","templated":true}]}}